 the prime factors of b?
457
Let t(x) = 471*x + 424. What are the prime factors of t(1)?
5, 179
Let h(n) = n**3 - n**2 + 2*n - 3. Let t be h(2). List the prime factors of 128*(2/(-2) + t).
2
Let t(k) = 298*k**3 - 6*k**2 + 35*k - 72. List the prime factors of t(6).
2, 3, 5, 2143
Let q = 11010 + -882. List the prime factors of q.
2, 3, 211
Let s = -73 - -57. Let c = s - -112. What are the prime factors of c?
2, 3
What are the prime factors of (-2 + -3 + (-433782)/108)/(3/(-18))?
3, 7, 383
List the prime factors of 2/(-4) + ((-1356)/30)/(84/(-21105)).
2, 17, 167
Let x(n) = -32*n + 15*n**2 + 1 + 45*n + 36*n. List the prime factors of x(5).
3, 23
Let b be 2/(-10) - (-2)/10. Suppose -2*w - 6*w + 352 = b. Suppose 41*i + 261 = w*i. What are the prime factors of i?
3, 29
Let k = 10 + -24. Let t = -10 - k. Suppose -u - 65 = -5*z - 4*u, 0 = -z + t*u + 13. What are the prime factors of z?
13
Suppose -5*d + 15 = -3*j + 50, 5*j + d + 7 = 0. Suppose 3*r = -0*r - 3. What are the prime factors of ((-2)/r - (-8 + 2)) + j?
2
Let u be 3/(-2)*(5 - (-847)/3). Let z = u - -680. List the prime factors of z.
3, 83
Suppose 2*g = -5*n + 30, 4*g + 2*n + 2 = 30. Suppose -4*m - 772 - 930 = -3*i, -2*m + 2854 = g*i. List the prime factors of i.
2, 3, 5, 19
Suppose 963*x = 282*x + 25164993. List the prime factors of x.
7, 5279
Suppose -h + 23334 = 10*v - 8*v, 2*v - 23326 = h. List the prime factors of v.
5, 2333
Let p be (9 - 10)*(-20 + 5). List the prime factors of (-19)/(209/(-440))*(p - 1).
2, 5, 7
Let r(i) = i**3 - i**2 - i - 10. Let a be r(3). What are the prime factors of (3 - 3) + a + 307?
2, 3, 13
Let b be (-6*6/(-21))/((-12)/(-42)). Suppose -4*h = 0, -3*q - h - 3*h - b = 0. List the prime factors of ((-51)/q)/(1/2).
3, 17
Suppose -5*v + w + 25160 = 0, -63*w + 5032 = v - 64*w. List the prime factors of v.
2, 17, 37
Suppose -31 + 21 = -5*r. Let o be 12/42 + (-19)/(-7) + r. Suppose -u + o*c = -74, 47 + 126 = 2*u - 5*c. What are the prime factors of u?
3, 11
Suppose -154734 = 5*m - 4*l - 545350, 78140 = m + 2*l. List the prime factors of m.
2, 19, 257
Suppose 4*q = q + 19185. List the prime factors of q/15 + 2*1/(-6).
2, 3, 71
Let j(u) = -2*u**2 - 13*u + 6. Let f be j(-6). Suppose -f = 20*k - 23*k. Suppose 4*g = 5*c - 1309, -5*g + 778 = -c + k*c. What are the prime factors of c?
3, 29
Suppose 0 = -45*q + 89712 + 81828. What are the prime factors of q?
2, 953
Let i(s) = 2*s - 8. Let h be i(6). Suppose -3*r - h*r = -2002. What are the prime factors of r?
2, 11, 13
Let g(k) = k**3 + 5*k**2 + 4*k. Suppose 3*p - 7*y + 6 = -2*y, y = -p - 2. Let x be g(p). Suppose x*z = 15*z - 44. What are the prime factors of z?
2
Let l be (-2)/18*6*(-6)/(-4). Let i be (l - -1)/(-1) - (25 + -22). What are the prime factors of -2 + i + 8 - -204?
3, 23
Let r be (-2244)/42*7/(-1). Let k = 526 - r. List the prime factors of k.
2, 19
Suppose -17 = s + 4*s + 4*m, -m + 27 = -5*s. Let n be -2 - (s + (-2)/(-2)). Suppose -5*h + 48 = n*k + 2*k, 65 = 5*k + 5*h. What are the prime factors of k?
17
Suppose 0 = -4*k + 1 + 3. Suppose -2*l = -3*y - 15, 3*l = 3 + 6. List the prime factors of (-51)/(-9) - k/y.
2, 3
Let h be ((-3)/(-6))/((-1)/2). Let f(o) = -296*o**3 - 2*o**2 + 1. List the prime factors of f(h).
5, 59
Suppose 7*m - 4*m - 3*a = 390, -610 = -5*m - 3*a. List the prime factors of m.
5
Suppose -35*f - 2768 + 15450 = -68518. What are the prime factors of f?
2, 5, 29
Let k = 5619 + -5621. Let n = -22 - 39. List the prime factors of (3 - 1)*n/k.
61
Let s(j) = j**3 - 14*j**2 + 2*j - 68. Let d(q) = -3*q**3 + 43*q**2 - 11*q + 203. Let y(r) = 4*d(r) + 11*s(r). What are the prime factors of y(14)?
2, 3, 5
List the prime factors of (330/(-21))/(-5 + (-1920)/(-385)).
2, 5, 11
Let d = 153 - 99. Let g(v) = -6*v + 9. Let m be g(9). Let q = d - m. What are the prime factors of q?
3, 11
Suppose 0 = -4*h + 6*h - 2. Let f be 1/1*-1*(h - 8). Suppose -f*q - 232 = -11*q. List the prime factors of q.
2, 29
Let f(g) = 79*g**2 - 20*g - 327. What are the prime factors of f(-5)?
2, 19, 23
Suppose -110*x + 411930 = 28*x. What are the prime factors of x?
3, 5, 199
List the prime factors of ((-40131)/(-14) - 7)/(2/4).
7, 19, 43
Let z be (975/(-20))/(1/4). Let l = z + 584. What are the prime factors of l?
389
Let f = 57 + -52. Let j be 35/f*(1 - -13). Suppose j = 13*i - 6*i. What are the prime factors of i?
2, 7
Suppose -2*c = -a - 31 + 211, c = -3*a - 76. List the prime factors of (c/6 - -1)/(3/(-108)).
2, 3, 41
Suppose -2*y = -u + 5, -2*y + 8 = 2*u - 14. List the prime factors of 5982/54 + 2/u.
3, 37
Suppose 4*v + 2 = 3*l - 8, -5*v - 30 = 5*l. What are the prime factors of (l*172)/(((-35)/10)/7)?
2, 43
Let q = 745 + -749. Let y(w) = -6*w**3 - 2*w**2 + 8. List the prime factors of y(q).
2, 3, 5
Let l(g) be the third derivative of -g**6/24 + 37*g**4/24 + 4*g**3/3 - 21*g**2. List the prime factors of l(-5).
2, 7
Suppose 0 = -10*g + 32 - 2. Suppose -5*t - g*s + 1557 = -7*s, 0 = -4*s - 12. List the prime factors of t.
3, 103
Let t = 1170 - 609. Suppose -3*g - 3*d = -447, t = 4*g - 0*g - 3*d. Let j = g - -75. List the prime factors of j.
3, 73
Let k(y) = y - 10. Let a be k(13). Suppose 0 = -x - a*x - j - 87, -5*x - 5*j = 120. List the prime factors of (x/7)/((-9)/228 + 0).
2, 19
Suppose -5*a + 0*f = -2*f + 360, -2*a - 160 = -4*f. Suppose 21*y + 95 = -934. Let q = y - a. What are the prime factors of q?
3, 7
Let b(p) = 245*p - 17. Let a be b(9). Suppose 3*d + 2*y - 388 = 924, 5*d - a = -4*y. What are the prime factors of d?
2, 109
Let g be (-31864)/21*-3 + -2. Suppose 0*y = 7*y - g. What are the prime factors of y?
2, 5, 13
Let n be (6/(-15))/((-10)/75). Suppose 2*m + 7 = n*x, 6*x - 2*x = -4*m - 44. What are the prime factors of 51*(m/(-6))/2?
2, 17
What are the prime factors of 112938/(-12)*(-28)/49?
2, 2689
Let b(v) = 35*v**3 + 24*v**2 - 36*v**3 - 9 + 25*v + 7*v. What are the prime factors of b(25)?
2, 83
Let q(g) = g**2 - 9*g + 13. Let n be q(8). Let r(m) = m**3 + m**2 + 2*m + 248. Let w be r(0). Suppose 9*k - n*k = w. What are the prime factors of k?
2, 31
Let z = -3010 + 23460. What are the prime factors of z?
2, 5, 409
Let g = 138 - 45. Let c = g + -87. What are the prime factors of 1/((-3)/c) + 170?
2, 3, 7
Let q(v) = -v**2 + 16*v - 25. Let x be q(14). Suppose 4*s + 3*j - 1 = 0, s + j + 3 = -x*j. List the prime factors of (-22)/s*2/(-4)*19.
11, 19
Let s = 1078 + -917. Let g be (-4)/(-1)*2/2. Suppose -g*w + s = -407. List the prime factors of w.
2, 71
Suppose 3*m + 4 = 4*j, m + 4 = -3*m + 4*j. Suppose 10*t - 490 - 860 = m. List the prime factors of (4 + t)*(8/(-2))/(-4).
139
Let j = -46 + 104. Let r = j - 53. Suppose 0 = z - r*t + 13, 2*t - 29 = -z - 2*z. What are the prime factors of z?
7
Let f(g) be the first derivative of g**4/4 - 13*g**3/3 + 7*g**2/2 - 24*g + 73. What are the prime factors of f(15)?
3, 59
Suppose -205037 = -5*u + 4*r, 8397 = -u - 3*r + 49412. List the prime factors of u.
23, 1783
Let o(i) = 81*i**2 + 80*i - 988. List the prime factors of o(24).
2, 11897
Suppose 299*q = 294*q + 1990. Suppose -5404 = -402*f + q*f. What are the prime factors of f?
7, 193
Let x be ((-348)/290)/(3/(-10) + 0). List the prime factors of 211 + ((-100)/x)/5.
2, 103
Let b = -13155 + 16821. What are the prime factors of b?
2, 3, 13, 47
Suppose i - 5*x - 16 = 0, 11*i - 22 = 9*i + 5*x. Suppose -10*d - 536 = -3*n - i*d, 2*n - 4*d - 352 = 0. List the prime factors of n.
2, 23
Suppose -480*b - 10422455 = -32837495. List the prime factors of b.
2, 3, 43, 181
What are the prime factors of (1 + 18891)*(-216)/(-864)?
4723
Let p = -9273 + 18034. What are the prime factors of p?
8761
Let s(o) = -112*o + 1157. List the prime factors of s(-15).
2837
Suppose 9*m = 4*m - 20. List the prime factors of 38/m*(1 + 2 - 41).
19
Suppose 0*j + j = 5*a + 68, 3*j = 5*a + 244. Suppose 56 + j = 6*z. List the prime factors of z.
2, 3
Suppose 0*o + 2*o = 0. Suppose o = 3*z + 284 - 779. List the prime factors of (-10)/z*-2577 - 6/33.
2, 3, 13
Suppose -3*c - 42 = -33, 3*h - 3*c - 96 = 0. Suppose -h*n + 17185 = -13526. List the prime factors of n.
3, 353
Let b = -213 - -218. What are the prime factors of b/(-10)*12 + 337?
331
Suppose -3*d + 99 = 54. Suppose 5*o = 2*c + 3284, 0 = d*o - 10*o - c - 3287. List the prime factors of o.
2, 7, 47
Suppose -16885*m = -168